a**2 - 11*a + 61. Determine o(5).
-44
Let y(w) = w**3 - 25*w**2 - 16*w + 329. What is y(25)?
-71
Let m(c) = c**2 - 1130*c - 2264. What is m(-2)?
0
Let z(r) = -370*r - 27038. What is z(-73)?
-28
Let s(u) = -256*u - 2051. What is s(-8)?
-3
Let j(h) = 196*h + 2792. Calculate j(-14).
48
Let b(p) = -4*p**2 - 162*p - 1227. Calculate b(-10).
-7
Let i(w) = 2*w**2 + 46*w + 6. Calculate i(-25).
106
Let s(b) = -b**3 - 13*b**2 - 461*b - 4856. What is s(-11)?
-27
Let x(l) = -7*l**3 - l**2 + 20*l + 26. What is x(4)?
-358
Let f(d) = -181*d + 354. Give f(2).
-8
Let u(p) = 3*p**2 - 131*p - 3900. Give u(64).
4
Let q(d) = d**2 + d - 24. What is q(12)?
132
Let g(t) = t**2 + 156*t - 7406. Give g(38).
-34
Let m(a) = -2*a**3 - 3*a**2 - 4*a + 21. What is m(-4)?
117
Let s(d) = 2*d**2 - 13*d - 364. Give s(-16).
356
Let z(c) = 3*c**3 - 47*c**2 - 20*c - 1. Calculate z(16).
-65
Let f(h) = -h**3 + 133*h**2 + 23*h - 3078. Calculate f(133).
-19
Let n(s) = -21*s + 546. Determine n(25).
21
Let j(k) = -2*k**3 + 3*k**2 + 15*k - 20. Determine j(6).
-254
Let g(n) = 49*n + 436. Give g(0).
436
Let s(u) = u**2 - 194*u + 754. Give s(4).
-6
Let h(i) = 1534*i + 33751. What is h(-22)?
3
Let z(n) = -39*n**2 + 277*n - 16. Determine z(7).
12
Let g(t) = -t**3 - 15*t**2 + t + 115. Give g(-15).
100
Let j(c) = c**2 + 34*c - 338. Calculate j(8).
-2
Let a(x) = 2*x**2 - 35*x - 27. Calculate a(19).
30
Let s(m) = 4*m + 226. Give s(-37).
78
Let q(l) = 4*l**3 - 6*l**2 - 3*l + 27. Determine q(5).
362
Let y(m) = 17220*m + 275521. Calculate y(-16).
1
Let f(n) = -n**2 - 4*n + 485. Give f(20).
5
Let u(c) = -3*c**2 + 66*c - 56. Determine u(21).
7
Let f(c) = c**3 - 31*c**2 + 63*c - 32. Determine f(29).
113
Let x(f) = -431*f + 10132. What is x(24)?
-212
Let a(t) = -34*t + 620. What is a(19)?
-26
Let a(d) = -d**3 + d**2 - 3*d - 62. What is a(-5)?
103
Let c(i) = -33935*i + 67870. Calculate c(2).
0
Let x(f) = 18*f - 920. Determine x(52).
16
Let b(q) = 4*q**2 - 138*q + 1106. Give b(13).
-12
Let m(l) = l**2 - 14*l - 1112. Calculate m(-27).
-5
Let f(d) = -d**2 + 69*d - 250. Calculate f(65).
10
Let j(w) = -w**3 + 5*w**2 + 10*w. Calculate j(6).
24
Let f(o) = -15*o - 386. What is f(-21)?
-71
Let b(r) = -r**2 + 64*r + 570. Give b(72).
-6
Let v(m) = 3*m**3 + 64*m**2 - 43*m + 67. Give v(-22).
45
Let c(i) = -14*i**3 - 153*i**2 + 8*i - 63. What is c(-11)?
-30
Let o(x) = x**3 + 10*x**2 + 31*x + 136. Give o(-8).
16
Let p(d) = -2*d**2 + 43*d - 62. Determine p(20).
-2
Let t(k) = -817*k - 80889. Give t(-99).
-6
Let g(q) = -144*q + 505. What is g(4)?
-71
Let n(j) = -3*j**3 - 49*j**2 - 9*j + 116. Determine n(-16).
4
Let a(h) = -43*h**2 - 66*h + 204. Give a(3).
-381
Let y(u) = 14*u + 93. What is y(-16)?
-131
Let n(i) = i**3 - 10*i**2 + 4*i - 236. Give n(12).
100
Let t(x) = 72*x - 121. Give t(5).
239
Let t(n) = -52*n + 1798. Calculate t(21).
706
Let a(d) = 20*d**2 - 14*d - 2. Determine a(1).
4
Let w(h) = 190*h + 4369. Calculate w(-23).
-1
Let y(l) = -1469*l - 20576. What is y(-14)?
-10
Let j(l) = l**3 + 210*l**2 - 184*l + 5699. Determine j(-211).
2
Let o(n) = 2*n**2 + 38*n - 69. Give o(-20).
-29
Let k(d) = -5*d**2 - 167*d + 279. What is k(-35)?
-1
Let f(k) = 3*k**2 - 40*k - 33. What is f(14)?
-5
Let d(k) = k**3 - 11*k**2 + 11*k + 16. Give d(9).
-47
Let m(r) = 200*r + 2664. Give m(-14).
-136
Let a(t) = 2*t**3 - 138*t**2 + 1079*t + 81. Give a(60).
21
Let r(w) = -6*w**3 + 22*w**2 - 11*w + 6. Give r(4).
-70
Let c(q) = 3*q**2 - 62*q - 200. Give c(-3).
13
Let d(n) = -15*n - 166. Determine d(-11).
-1
Let r(q) = 4*q**2 - 32*q - 20. Calculate r(6).
-68
Let b(q) = 229*q + 5730. Calculate b(-25).
5
Let a(p) = -113*p - 12988. Determine a(-115).
7
Let c(s) = s**3 - 20*s**2 - 64*s + 438. What is c(22)?
-2
Let t(i) = 224*i - 10525. Calculate t(47).
3
Let l(o) = -173*o + 28. Give l(1).
-145
Let r(z) = -z**3 + 3*z**2 + 11*z - 40. Calculate r(5).
-35
Let o(b) = 19*b + 522. Determine o(-27).
9
Let g(j) = -21*j + 5. Calculate g(0).
5
Let l(a) = a**3 + 19*a**2 - 41*a + 82. Give l(-21).
61
Let v(p) = p**2 + 42*p + 147. Determine v(-6).
-69
Let f(b) = -b**3 - 3*b**2 + 7*b - 90. Calculate f(-6).
-24
Let x(u) = -u**3 - 14*u**2 + 20*u + 66. What is x(-15)?
-9
Let x(l) = -14*l**2 - 42*l - 12. Give x(-4).
-68
Let x(s) = 2*s**3 + 2*s**2 + 4*s - 268. Give x(0).
-268
Let i(j) = -372*j - 32349. What is i(-87)?
15
Let k(a) = a**3 - 9*a + 4. Calculate k(0).
4
Let j(h) = 257*h - 489. Calculate j(2).
25
Let f(w) = 4*w**3 - 62*w**2 + 29*w - 7. Determine f(15).
-22
Let c(l) = 2*l**2 - 259*l + 7769. Give c(47).
14
Let w(x) = -x**2 - 18*x + 210. Determine w(-27).
-33
Let d(z) = -z**2 + z + 212. What is d(15)?
2
Let x(z) = -6*z**3 - 274*z**2 + 88*z - 181. Determine x(-46).
3
Let f(x) = -2*x**3 - 17*x**2 + 223*x - 56. What is f(7)?
-14
Let o(b) = 19*b - 1680. Calculate o(87).
-27
Let o(u) = 2*u**2 - 85*u - 2844. Calculate o(-22).
-6
Let i(u) = 1002*u - 30059. Calculate i(30).
1
Let y(h) = -741*h - 4446. What is y(-6)?
0
Let d(t) = 2*t**2 + 210*t - 440. Calculate d(-107).
-12
Let k(p) = p**3 + 28*p**2 + 209*p + 183. What is k(-14)?
1
Let l(k) = 2*k**3 - k**2 - 25*k - 47. Give l(-3).
-35
Let p(j) = -j**2 - 11422*j + 148654. Calculate p(13).
-1
Let z(y) = 7*y**2 - 69*y + 97. Give z(2).
-13
Let r(v) = 3*v**2 - 315*v + 6. Give r(105).
6
Let y(d) = -2*d**3 + 28*d**2 + 77*d - 757. Calculate y(15).
-52
Let a(q) = -20*q + 1231. What is a(75)?
-269
Let a(x) = x**2 - 13*x - 4. Give a(17).
64
Let t(k) = -5*k**3 - 2*k**2 + 99*k - 195. Determine t(2).
-45
Let q(d) = -2*d**3 + 6*d**2 + 16*d - 57. Calculate q(6).
-177
Let u(h) = -h**2 - 80*h - 1414. Determine u(-26).
-10
Let r(k) = 8*k**2 + 49*k + 80. Determine r(-4).
12
Let o(n) = -n**3 - 8*n**2 + 60*n + 281. What is o(-6)?
-151
Let x(o) = o**3 + 31*o**2 - 107*o - 163. What is x(-34)?
7
Let q(b) = 483*b - 9180. Calculate q(19).
-3
Let z(t) = t**3 - 32*t**2 - 773*t - 34. Calculate z(-16).
46
Let n(b) = 8810*b - 44052. Give n(5).
-2
Let u(p) = 137*p + 2564. Give u(-19).
-39
Let s(d) = d**3 - 49*d + 41. Determine s(8).
161
Let d(c) = -7*c**3 - 8*c**2 + 15*c + 31. What is d(4)?
-485
Let c(x) = -401*x - 807. Give c(-3).
396
Let u(l) = -l**3 - 26*l**2 - 36*l - 20. What is u(-25)?
255
Let v(x) = -24*x**2 + 86*x + 2. What is v(4)?
-38
Let g(d) = 4*d**2 - 185*d - 134. What is g(47)?
7
Let p(f) = 10*f**2 - 163*f + 44. Calculate p(16).
-4
Let p(v) = 777*v + 3115. Calculate p(-4).
7
Let d(b) = b**3 - 51*b**2 - 354*b - 64. Give d(-6).
8
Let z(s) = -66*s + 815. Give z(12).
23
Let f(b) = -b + 62. Determine f(41).
21
Let d(q) = -q**3 + 24*q**2 - 4*q + 180. Calculate d(24).
84
Let a(w) = w**2 + 58*w + 475. What is a(-11)?
-42
Let f(y) = -101*y - 4736. Calculate f(-48).
112
Let y(w) = -w**3 + 35*w**2 - 180*w + 53. What is y(6)?
17
Let n(q) = -q**3 + 52*q**2 - 144*q + 2218. Determine n(50).
18
Let y(z) = 2*z**3 + 4*z**2 + 8*z + 7. What is y(-2)?
-9
Let f(x) = x**2 - 14*x + 19. What is f(4)?
-21
Let a(g) = g**3 + 37*g**2 + 8*g + 350. Calculate a(-37).
54
Let a(f) = 2*f**3 + 30*f**2 + 78*f - 213. Determine a(-8).
59
Let s(t) = -t**2 + 45*t - 172. Give s(39).
62
Let p(l) = l**2 + 4*l - 189. What is p(-18)?
63
Let n(c) = -130*c - 1830. What is n(-14)?
-10
Let b(z) = -8*z**2 + 55*z + 18. Give b(7).
11
Let x(n) = n**3 + 35*n**2 - 7*n + 7. Calculate x(0).
7
Let a(q) = -q**3 - 5*q**2 + 2*q + 9. Calculate a(-4).
-15
Let s(m) = 73*m + 2121. Determine s(-29).
4
Let y(s) = 12*s. What is y(9)?
108
Let p(z) = 4*z**2 + 30*z - 46. Calculate p(-9).
8
Let d(i) = 100*i + 675. Calculate d(-8).
-125
Let t(s) = -6*s**3 - 96*s**2 + 104*s + 57. Calculate t(-17).
23
Let j(s) = -s**3 - 794*s**2 - 2381*s + 1. Calculate j(-3).
25
Let d(h) = 77*h**2 - 772*h + 13. What is d(10)?
-7
Let w(o) = -51*o**2 + 1529*o + 44. What is w(30)?
14
Let n(o) = 1198*o - 9590. Give n(8).
-6
Let o(r) = 7*r**3 + 30*r**2 - 47*r - 102. Calculate o(-5).
8
Let k(q) = -q**3 + 19*q**2 - 42*q - 491. Determine k(10).
-11
Let h(z) = -8*z - 106. Calculate h(-9).
-34
Let t(g) = 40*g**2 + 277*g - 843. What is t(3)?
348
Let d(f) = 6281*f + 31406. What is d(-5)?
1
Let x(b) = -b**2 - 57*b + 206. What is x(4)?
-38
Let f(d) = 52*d + 88. What is f(-3)?
-68
Let k(z) = 15*z + 2065. Give k(-118).
295
Let k(p) = 3*p**2 - 470*p + 5216. Determine k(12).
8
Let b(k) = 2*k**2 - 20*k - 40. Give b(11).
-18
Let v(o) = -3*o**2 - 2